{"id":10996,"date":"2026-04-27T16:49:49","date_gmt":"2026-04-27T14:49:49","guid":{"rendered":"https:\/\/www.videoclubborne.nl\/?page_id=10996"},"modified":"2026-04-27T18:00:44","modified_gmt":"2026-04-27T16:00:44","slug":"lintje-lau-vcb-25-jaar","status":"publish","type":"page","link":"https:\/\/www.videoclubborne.nl\/?page_id=10996","title":{"rendered":"Lintje Lau &#038; VCB 25 jaar"},"content":{"rendered":"<p><strong>Bijzondere dag voor Videoclub Borne<br \/>\n<\/strong><\/p>\n<p style=\"text-align: justify;\">In het voorjaar van 2026 bestond de Videoclub Borne 25 jaar. De oprichting van de club was al bijzonder (zie <a href=\"https:\/\/www.videoclubborne.nl\/?attachment_id=3847\" target=\"_blank\" rel=\"noopener\">hier<\/a>), maar de viering van dit 25 jarig jubileum zeker ook! In&nbsp;<a href=\"https:\/\/www.videoclubborne.nl\/wp-content\/uploads\/2026\/04\/04_25-jaarVideclubBorne_Lau20apr2026.pdf\" target=\"_blank\" rel=\"noopener\">dit<\/a> artikel blikt de huidige voorzitter terug op deze 25 jaar. Op vrijdag 24 april was het wel een heel bijzondere dag voor de Videoclub Borne \u00e9n voor de voorzitter Lau Hopmans! Een lintje voor Lau \u00e9n het jubileumfeest op \u00e9\u00e9n dag. Hoe uniek wil je \u2018t hebben?<\/p>\n<p style=\"text-align: justify;\"><img loading=\"lazy\" decoding=\"async\" class=\"wp-image-11007 alignleft\" src=\"https:\/\/www.videoclubborne.nl\/wp-content\/uploads\/2026\/04\/G37A7460-scaled.jpg\" alt=\"\" width=\"153\" height=\"190\" srcset=\"https:\/\/www.videoclubborne.nl\/wp-content\/uploads\/2026\/04\/G37A7460-scaled.jpg 2058w, https:\/\/www.videoclubborne.nl\/wp-content\/uploads\/2026\/04\/G37A7460-241x300.jpg 241w, https:\/\/www.videoclubborne.nl\/wp-content\/uploads\/2026\/04\/G37A7460-823x1024.jpg 823w, https:\/\/www.videoclubborne.nl\/wp-content\/uploads\/2026\/04\/G37A7460-768x956.jpg 768w, https:\/\/www.videoclubborne.nl\/wp-content\/uploads\/2026\/04\/G37A7460-1235x1536.jpg 1235w, https:\/\/www.videoclubborne.nl\/wp-content\/uploads\/2026\/04\/G37A7460-1646x2048.jpg 1646w\" sizes=\"(max-width: 153px) 100vw, 153px\" \/><\/p>\n<p style=\"text-align: justify;\"><strong>Koninklijke onderscheiding voor voorzitter Lau Hopmans!<\/strong><\/p>\n<p style=\"text-align: justify;\">In de ochtend werd Lau verrast met een Koninklijke onderscheiding: hij is benoemd tot Lid in de Orde van Oranje-Nassau. Lau was \u00e9\u00e9n van de twaalf inwoners die deze bijzondere eer mochten ontvangen uit handen van burgemeester Jan Pierik. Deze prachtige erkenning is vooral voor de jarenlange en tomeloze inzet van Lau voor Videoclub Borne waar hij al sinds 2001 de drijvende kracht is.<\/p>\n<p style=\"text-align: justify;\"><img loading=\"lazy\" decoding=\"async\" class=\"alignnone wp-image-11005\" src=\"https:\/\/www.videoclubborne.nl\/wp-content\/uploads\/2026\/04\/3B8A8052-scaled.jpg\" alt=\"\" width=\"623\" height=\"368\" srcset=\"https:\/\/www.videoclubborne.nl\/wp-content\/uploads\/2026\/04\/3B8A8052-scaled.jpg 2560w, https:\/\/www.videoclubborne.nl\/wp-content\/uploads\/2026\/04\/3B8A8052-300x177.jpg 300w, https:\/\/www.videoclubborne.nl\/wp-content\/uploads\/2026\/04\/3B8A8052-1024x605.jpg 1024w, https:\/\/www.videoclubborne.nl\/wp-content\/uploads\/2026\/04\/3B8A8052-768x454.jpg 768w, https:\/\/www.videoclubborne.nl\/wp-content\/uploads\/2026\/04\/3B8A8052-1536x908.jpg 1536w, https:\/\/www.videoclubborne.nl\/wp-content\/uploads\/2026\/04\/3B8A8052-2048x1210.jpg 2048w\" sizes=\"(max-width: 623px) 100vw, 623px\" \/>De verrassing begon al vroeg op de ochtend. Lau werd door clublid Bertie Borggreve nietsvermoedend opgehaald met een smoes om te helpen bij opnames. In het Huis van Borne aangekomen (waar later de lintjes werden uitgereikt) begon Lau zich al af te vragen waarom er zoveel bekende gezichten binnenkwamen. Toen steeds meer leden en bekenden zich verzamelden, werd duidelijk dat dit geen gewone afspraak was \u2026<\/p>\n<p style=\"text-align: justify;\">Even later volgde het bijzondere moment: burgemeester Pierik speldde na veel mooie woorden Lau de koninklijke onderscheiding op.<\/p>\n<p><iframe loading=\"lazy\" src=\"\/\/www.youtube.com\/embed\/9VCZS-ZvnRU\" allowfullscreen=\"allowfullscreen\" width=\"560\" height=\"314\"><\/iframe><\/p>\n<p style=\"text-align: justify;\"><strong>En \u2019s avonds het 25-jarig jubileum feest<\/strong><\/p>\n<p style=\"text-align: justify;\">\u2019s Avonds werd het feest compleet gemaakt met het 25-jarig jubileum van Videoclub Borne in De Fontein. De zaal was zeer goed gevuld met leden, oud-leden en genodigden en de sfeer zat er vanaf het begin goed in. Er werd genoten van een uitgebreid koud en warm buffet, herinneringen werden opgehaald en er was volop gelegenheid om bij te praten. Met zijn kenmerkende energie leidde Lau de avond, terwijl hij zijn lintje zichtbaar met trots droeg.<\/p>\n<table style=\"border-collapse: collapse; width: 100%;\">\n<tbody>\n<tr>\n<td style=\"width: 50%;\"><img loading=\"lazy\" decoding=\"async\" class=\"alignnone wp-image-11016\" src=\"https:\/\/www.videoclubborne.nl\/wp-content\/uploads\/2026\/04\/IMG_0082_klein-scaled.jpg\" alt=\"\" width=\"275\" height=\"183\" srcset=\"https:\/\/www.videoclubborne.nl\/wp-content\/uploads\/2026\/04\/IMG_0082_klein-scaled.jpg 2560w, https:\/\/www.videoclubborne.nl\/wp-content\/uploads\/2026\/04\/IMG_0082_klein-300x200.jpg 300w, https:\/\/www.videoclubborne.nl\/wp-content\/uploads\/2026\/04\/IMG_0082_klein-1024x683.jpg 1024w, https:\/\/www.videoclubborne.nl\/wp-content\/uploads\/2026\/04\/IMG_0082_klein-768x512.jpg 768w, https:\/\/www.videoclubborne.nl\/wp-content\/uploads\/2026\/04\/IMG_0082_klein-1536x1024.jpg 1536w, https:\/\/www.videoclubborne.nl\/wp-content\/uploads\/2026\/04\/IMG_0082_klein-2048x1365.jpg 2048w\" sizes=\"(max-width: 275px) 100vw, 275px\" \/><\/td>\n<td style=\"width: 50%;\"><img loading=\"lazy\" decoding=\"async\" class=\"alignnone wp-image-11014\" src=\"https:\/\/www.videoclubborne.nl\/wp-content\/uploads\/2026\/04\/IMG_0062_klein-scaled.jpg\" alt=\"\" width=\"275\" height=\"183\" srcset=\"https:\/\/www.videoclubborne.nl\/wp-content\/uploads\/2026\/04\/IMG_0062_klein-scaled.jpg 2560w, https:\/\/www.videoclubborne.nl\/wp-content\/uploads\/2026\/04\/IMG_0062_klein-300x200.jpg 300w, https:\/\/www.videoclubborne.nl\/wp-content\/uploads\/2026\/04\/IMG_0062_klein-1024x683.jpg 1024w, https:\/\/www.videoclubborne.nl\/wp-content\/uploads\/2026\/04\/IMG_0062_klein-768x512.jpg 768w, https:\/\/www.videoclubborne.nl\/wp-content\/uploads\/2026\/04\/IMG_0062_klein-1536x1024.jpg 1536w, https:\/\/www.videoclubborne.nl\/wp-content\/uploads\/2026\/04\/IMG_0062_klein-2048x1365.jpg 2048w\" sizes=\"(max-width: 275px) 100vw, 275px\" \/><\/td>\n<\/tr>\n<tr>\n<td style=\"width: 50%;\"><img loading=\"lazy\" decoding=\"async\" class=\"alignnone wp-image-11025\" src=\"https:\/\/www.videoclubborne.nl\/wp-content\/uploads\/2026\/04\/20260427_174134-scaled.jpg\" alt=\"\" width=\"165\" height=\"239\" srcset=\"https:\/\/www.videoclubborne.nl\/wp-content\/uploads\/2026\/04\/20260427_174134-scaled.jpg 1772w, https:\/\/www.videoclubborne.nl\/wp-content\/uploads\/2026\/04\/20260427_174134-208x300.jpg 208w, https:\/\/www.videoclubborne.nl\/wp-content\/uploads\/2026\/04\/20260427_174134-709x1024.jpg 709w, https:\/\/www.videoclubborne.nl\/wp-content\/uploads\/2026\/04\/20260427_174134-768x1110.jpg 768w, https:\/\/www.videoclubborne.nl\/wp-content\/uploads\/2026\/04\/20260427_174134-1063x1536.jpg 1063w, https:\/\/www.videoclubborne.nl\/wp-content\/uploads\/2026\/04\/20260427_174134-1418x2048.jpg 1418w\" sizes=\"(max-width: 165px) 100vw, 165px\" \/><\/td>\n<td style=\"width: 50%;\"><img loading=\"lazy\" decoding=\"async\" class=\"alignnone wp-image-11015\" src=\"https:\/\/www.videoclubborne.nl\/wp-content\/uploads\/2026\/04\/IMG_0072_cropped.jpg\" alt=\"\" width=\"280\" height=\"239\" srcset=\"https:\/\/www.videoclubborne.nl\/wp-content\/uploads\/2026\/04\/IMG_0072_cropped.jpg 2504w, https:\/\/www.videoclubborne.nl\/wp-content\/uploads\/2026\/04\/IMG_0072_cropped-300x256.jpg 300w, https:\/\/www.videoclubborne.nl\/wp-content\/uploads\/2026\/04\/IMG_0072_cropped-1024x874.jpg 1024w, https:\/\/www.videoclubborne.nl\/wp-content\/uploads\/2026\/04\/IMG_0072_cropped-768x655.jpg 768w, https:\/\/www.videoclubborne.nl\/wp-content\/uploads\/2026\/04\/IMG_0072_cropped-1536x1310.jpg 1536w, https:\/\/www.videoclubborne.nl\/wp-content\/uploads\/2026\/04\/IMG_0072_cropped-2048x1747.jpg 2048w\" sizes=\"(max-width: 280px) 100vw, 280px\" \/><\/td>\n<\/tr>\n<\/tbody>\n<\/table>\n<p>&nbsp;<\/p>\n","protected":false},"excerpt":{"rendered":"<p>Bijzondere dag voor Videoclub Borne In het voorjaar van 2026 bestond de Videoclub Borne 25 jaar. De oprichting van de club was al bijzonder (zie hier), maar de viering van dit 25 jarig jubileum zeker ook! In&nbsp;dit artikel blikt de huidige voorzitter terug op deze 25 jaar. Op vrijdag 24 april was het wel een [&hellip;]<\/p>\n","protected":false},"author":3,"featured_media":0,"parent":0,"menu_order":0,"comment_status":"closed","ping_status":"closed","template":"","meta":{"protect_children":false,"ngg_post_thumbnail":0,"jetpack_post_was_ever_published":false,"footnotes":""},"jetpack_sharing_enabled":true,"jetpack_shortlink":"https:\/\/wp.me\/P7JEPk-2Rm","_links":{"self":[{"href":"https:\/\/www.videoclubborne.nl\/index.php?rest_route=\/wp\/v2\/pages\/10996"}],"collection":[{"href":"https:\/\/www.videoclubborne.nl\/index.php?rest_route=\/wp\/v2\/pages"}],"about":[{"href":"https:\/\/www.videoclubborne.nl\/index.php?rest_route=\/wp\/v2\/types\/page"}],"author":[{"embeddable":true,"href":"https:\/\/www.videoclubborne.nl\/index.php?rest_route=\/wp\/v2\/users\/3"}],"replies":[{"embeddable":true,"href":"https:\/\/www.videoclubborne.nl\/index.php?rest_route=%2Fwp%2Fv2%2Fcomments&post=10996"}],"version-history":[{"count":18,"href":"https:\/\/www.videoclubborne.nl\/index.php?rest_route=\/wp\/v2\/pages\/10996\/revisions"}],"predecessor-version":[{"id":11027,"href":"https:\/\/www.videoclubborne.nl\/index.php?rest_route=\/wp\/v2\/pages\/10996\/revisions\/11027"}],"wp:attachment":[{"href":"https:\/\/www.videoclubborne.nl\/index.php?rest_route=%2Fwp%2Fv2%2Fmedia&parent=10996"}],"curies":[{"name":"wp","href":"https:\/\/api.w.org\/{rel}","templated":true}]}}